?
-1
Let k(z) be the third derivative of z**5/60 + 7*z**4/24 - z**3/2 - z**2. Let b = -100 + 94. What is k(b)?
-9
Suppose -s + 6 + 11 = 3*v, 0 = -3*v - 4*s + 32. Let k = v + -9. Let j(m) = 3*m + 7. Let f(d) = 7*d + 15. Let g(o) = -2*f(o) + 5*j(o). Calculate g(k).
0
Let t(g) = -g**2 - 18 + 6*g + 14*g - 5*g. Let q be t(14). Let r(l) = -l**2 - l + 3. Determine r(q).
-9
Let s(k) = 1. Let r(q) = q + 4. Let t(f) = -r(f) + 5*s(f). What is t(-4)?
5
Let y(a) = 13 + a - 2*a**3 + a**3 + 0*a**3 - 4. Determine y(0).
9
Let m(k) = 29*k - 7 + k**3 - 16*k - 14*k - 8*k**2. Calculate m(8).
-15
Let v(q) be the first derivative of q**2/2 + 2*q - 1. Let y = 1 - -2. Suppose -1 = -i + 2*i + y*l, i + l + 3 = 0. Give v(i).
-2
Let d(y) = -y**3 - 4*y**2 - 3*y + 1. Let r be (-36)/28 + (-6)/(-21). Let k(l) = l**2 + l. Let j(n) = r*d(n) - 5*k(n). Give j(-1).
-1
Let d = 20 + -17. Suppose 8 = -d*s + 17. Let u(c) = c**3 - 6*c**2 + 5*c - 2. What is u(s)?
-14
Suppose 3*k + 3*h = 12, k + k - 13 = 3*h. Suppose k*y - 2*b - 19 - 24 = 0, 5*b + 20 = 0. Let a(c) = c**3 - 6*c**2 - 9*c + 10. Calculate a(y).
-4
Let q(p) = -p**3 + 4*p**2 - 4*p + 2. Let t(n) = -2*n - 3. Let h be t(-2). Suppose 4*z - h = 11. Determine q(z).
-1
Let c be -1*(2 + 9/(-6))*12. Let f(w) = -w**3 - 3*w**2 - 3*w. Let x be f(-2). Let m(d) = 6*d - x*d + d**2 + 2*d. What is m(c)?
0
Let f(n) be the first derivative of -n**3/3 - 2*n**2 - 1. Let r = -4 - -8. Suppose 0 = -w - r*x + 11, -w - 3*x - 3 = 2*w. Calculate f(w).
-5
Let o = 7 + -4. Let k be (o/6)/((-2)/(-8)). Let l(b) = -5 - k*b**2 + 2*b + b**2 - 8*b. Give l(-5).
0
Let g(u) = -u - 1. Suppose -2*k = k + 21. Determine g(k).
6
Let y = 1 + 1. Suppose 2 = a - 1. Let v(c) = 2*c**a + 3 - 4*c**2 + 2*c**2 - 5. Give v(y).
6
Let m be (-8)/8*(1 + -5). Let o(v) = -v**3 + 3*v**2 + 4*v - 3. Calculate o(m).
-3
Let c(u) = -2*u**3 - 13*u**2 - 5*u - 3. Let n(l) = l**3 + 7*l**2 + 3*l + 2. Let m(x) = -4*c(x) - 7*n(x). Give m(-4).
-14
Let m(h) = h - 2. Let c be m(1). Let f be 3/(-12) - (-18)/8. Let w(u) = -4*u**f - 2 + 3 + 0*u**2. Determine w(c).
-3
Let j(a) = -3 - 2 + 2*a + 5. Let f(v) = v**2 + v - 4. Let t be f(-3). Suppose -x - 2 = -t*x. Determine j(x).
4
Let a = 5 + 1. Let o = 2 - a. Let j(q) = q**3 + 3*q**2 - 4*q + 5. Determine j(o).
5
Let g(q) = -10*q + 8. Let f(r) = -r + 1. Let k(y) = -6*f(y) + g(y). Suppose 0 = 4*c - 9 - 3. Suppose -5*h + 4 = c*s, h + 2 = 4*s + 6*h. Determine k(s).
10
Let d(q) = q**2 - 3*q + 3. Let t = -10 - -19. Let k = 13 - t. What is d(k)?
7
Let h(n) be the second derivative of 0*n**2 + 1/2*n**3 + 1/12*n**4 + 0 + 13*n. Suppose -10 = 4*o + 3*z, 1 = -2*o - 3*z - 1. Calculate h(o).
4
Let m(f) = -2*f - 9. Let x be m(-7). Suppose -11 = 4*i + x. Let g(k) = k**2 + 4*k - 4. Determine g(i).
-4
Let n(a) = -3*a - 30. Let o be n(-11). Let i(g) = g**2 + g - 3. Calculate i(o).
9
Let l(p) be the third derivative of p**6/120 - p**5/60 - 7*p**3/6 - 62*p**2. Give l(0).
-7
Let u(n) = -n - 6. Let m(j) = j + 1. Let s be m(-7). What is u(s)?
0
Let h(n) be the second derivative of -n**3/6 - n**2/2 + 6*n + 4. What is h(5)?
-6
Let d(f) = 3*f - 1. Let l(v) be the first derivative of v**3/3 + 9*v**2/2 + v + 3. Let y be l(-9). Determine d(y).
2
Let y(u) = 3*u**3 - 2*u**2 + 2*u - 1. Let n be y(1). Let d(j) = -2*j - 5*j**2 - 7 - 3*j + 7*j - j**3 + n*j**3. What is d(5)?
3
Let q be 2 + -4 - 3 - -1. Let m(l) = -l**2 - l - 1. Let t = -4 + 5. Let k(d) = 2*d**2 - 3*d - 3. Let c(z) = t*k(z) + 3*m(z). Give c(q).
2
Let b(x) = x + 14. Let y(k) = -k - 15. Let l(w) = 4*b(w) + 3*y(w). Let n be l(-6). Suppose 0*p + 5 = -n*p. Let u(z) = 3*z + 1. Determine u(p).
-2
Let h be 2 + (-1 - 1*-2). Let u(m) be the second derivative of m**5/20 - 5*m**4/12 + 2*m**3/3 - m**2 + 280*m. Give u(h).
-8
Let t(q) = -q**3 - 28*q**2 - 28*q - 27. Let c be t(-27). Let w(u) be the first derivative of -u**4/4 - u**3/3 + 3*u - 2. Calculate w(c).
3
Let l be 0 - -1 - (-3 + -1). Suppose -a - l + 0 = 0. Let d(r) be the second derivative of r**3/6 - 6*r. Give d(a).
-5
Let i(z) = z**2 + 2*z - 5. Let g(u) = -2*u**2 - 3*u + 10. Let f(l) = 2*g(l) + 5*i(l). Let x be 5/(1*(1 + -2)). Calculate f(x).
0
Let y(x) = -7*x**3 + 2*x**2 - 2. Let z be y(-2). Let j = -40 + z. Let m be 128/(-22) + (-4)/j. Let t(f) = -f**3 - 6*f**2 + 2*f + 7. Determine t(m).
-5
Let j(x) = -1. Let a(f) = f - 1. Let k(u) = 2*a(u) - j(u). Let z(c) = -11*c - 65. Let n be z(-6). Determine k(n).
1
Let v(m) = -m**2 + 2*m + 1. Let h be (2/(-3) + 1)*9. Suppose 2*t - h = 1. Calculate v(t).
1
Let y(t) = t**2 + t + 1. Let r(c) = 3*c**2 - 11*c**2 - 11 + 5*c**2. Let o(z) = 2*z**3 + 4*z**2 + z - 2. Let g be o(-2). Let m(v) = g*y(v) - r(v). What is m(-6)?
-5
Let k(x) = -2*x - 3*x**2 + 4*x + 0*x**2 + x - 2. Let i(w) = 0*w**2 + 2*w**2 - 3*w**2. Let l(u) = -i(u) + k(u). Determine l(2).
-4
Let t(x) = x**3 + 4*x**2 - 5*x. Let j be (2/(-5))/((-2)/(-20)). Let l be ((-6)/j)/(-3)*-6. Suppose -2*d - 3*w - 5 = 2*w, -l*d - 10 = 5*w. Give t(d).
0
Suppose -4*i - 10 - 10 = 0. Let l(o) be the first derivative of 4*o - 1 - 1/4*o**4 + o**2 - 5/3*o**3. Calculate l(i).
-6
Let f be 14/8 + 2/8. Suppose -7 = -4*j - m, 2*m + 2*m = -f*j. Let z(o) = -5*o**2 + 1 - o**j - 3*o + 5 + 1 - o**3. Calculate z(-5).
-3
Let g(k) = -4*k - 3. Let q(x) = -9*x - x + 12*x - 10*x - 7. Let v(a) = 13*g(a) - 6*q(a). What is v(2)?
-5
Let y = -7 + 10. Let u(d) = 5*d - 8 - 2 + 8. What is u(y)?
13
Let u(p) = p**2 - 9*p + 11. Let j be 1 - 12/(-4 - -2). Give u(j).
-3
Let x(u) = -u + 1. Let s be (-10 + -1)*(-3)/(-3). Let o = s + 14. What is x(o)?
-2
Let p(h) = 6*h + 1. Let q(a) = -a**3 + 4*a**2 + 5*a + 2. Let r be q(5). Suppose r*j = -4*f, -2*j + f - 6 = -j. Let d = 3 + j. What is p(d)?
-5
Let k(z) = -z**3 - 6*z**2 + 2*z + 6. Let i(a) = -a**3 - 5*a**2 + a + 14. Let j be i(-4). Determine k(j).
-6
Let i(k) = -k**2 - 7*k - 9 + 0 + 0*k**2. Suppose r + 27 = -5*u, -4*u + 5*r = 4*r + 27. Determine i(u).
-3
Let p(g) = g**2 + g - 7. Suppose 0 = 13*m - 5*m. Determine p(m).
-7
Let z(i) = 56*i - 3 - 19*i - 19*i - 17*i. Give z(5).
2
Let m(x) = x**3 + 6*x**2 + 5*x - 6. Let d be (-6)/(-9)*-3 + -9. Let i = d + 2. Let y = -14 - i. Calculate m(y).
-6
Let c be 2*(5/2)/1. Let u(r) = -r + 3. Let n be u(c). Let l(o) = 3*o**2 + 2*o - 1. Calculate l(n).
7
Suppose -2*u = -3*o + 8, 3 - 15 = 4*u - 4*o. Let a be ((-4)/(-10))/(u/(-10)). Let w(g) be the second derivative of -g**3/2 + 3*g**2/2 - 13*g. Give w(a).
-9
Let g be 1/5 - (-48)/10. Suppose -3*m = k - 0*m - 2, -2*k + g*m = -15. Let c(u) = u**2 - 6*u + 6. Calculate c(k).
1
Let n(t) = 4*t**2 + 2*t + 5. Let j(b) = -3*b**2 - b - 4. Let r(z) = -5*j(z) - 4*n(z). Let x = 3 - 10. Let o = -9 - x. Calculate r(o).
2
Suppose -5*q - 32 = 3*y, -5*y + 0*y = -5*q. Let z(r) = r**2 + 3*r + 4. Let h(o) = -2*o**2 - 6*o - 8. Let l(c) = -2*h(c) - 5*z(c). Determine l(q).
-8
Suppose -4*c = 5*j - 0*c + 20, 5*j = c + 5. Let t(u) be the second derivative of 0*u**2 + 1/6*u**3 - 4*u + 0. What is t(j)?
0
Let i(a) = a**2 + 6*a + 8. Let k(j) = -j**2 + 6*j + 1. Let u(l) = l**3 + 7*l**2 + 5*l + 1. Let y be u(-6). Let p be k(y). What is i(p)?
8
Suppose 3*c + 30 = 6*c. Let z = c + -4. Let w(f) = -2*f + 7. Calculate w(z).
-5
Let d be (6/(-9))/((-4)/48). Suppose -3*q + 2*y - 9 = -y, -5*q - d = 2*y. Let u(i) = -2*i + 1. Give u(q).
5
Let h(c) be the second derivative of 3*c**4/4 + 5*c**3/3 - 19*c**2/2 - 7*c. Let q(n) = 5*n**2 + 5*n - 10. Let s(m) = 4*h(m) - 7*q(m). Determine s(-5).
-6
Let l(k) = 3*k**2 - 1 - 11*k**2 + 7*k - 2*k**3 + 3*k**3 + 9. Calculate l(6).
-22
Let r(t) = -t**3 - 28 + 28 + 8*t - 6*t**2. Calculate r(-7).
-7
Let g(k) = k. Let r be g(2). Let u(o) = -r - o - 3*o + 3 - o**2. Suppose -a + 4*a = -12. Determine u(a).
1
Suppose x + 26 = 4*j, 5*j + x - 6*x = 25. Let c(i) = i + 5 + j - 5. Suppose 3*g = -4*w + 3, 0 = -3*w + g - 3*g + 2. Calculate c(w).
7
Let q(j) be the second derivative of -4*j**2 + 10*j + 5/6*j**3 + 1/12*j**4 + 0. Give q(-6).
-2
Let l(d) = -5*d**3 - 4*d**3 - 5 + 2*d**3 + 8*d**3. Determine l(0).
-5
Let z(v) = -v**2 + 2*v - 4. Suppose -6*d + 4*d - 8 = 0. Let j be d/(-2*(-1)/(-2)). What is z(j)?
-12
Let d be 1/(-4) - 17/(-4). Let r be (-13)/(-5) - d/(-10). Let y(z) = z - 4*z + 4*z - r. Give y(5).
2
Let h(z) = -z + 2. Let n(t) = -t - 4. Let b(d) = -d**3 + 5*d**2 + 6*d. Let a be b(6). Let p be n(a). Give h(p).
6
Let p = 12 